se 15, what is -6 - -5d46?
5d40
In base 16, what is -13 + -2864?
-2877
In base 16, what is -34e + 1e8?
-166
In base 2, what is -1001111010 - -101100110?
-100010100
In base 3, what is -1121112012012 - -12?
-1121112012000
In base 11, what is -33574 - 4?
-33578
In base 16, what is 14c66 - 0?
14c66
In base 13, what is -1691 + 0?
-1691
In base 5, what is -213 + -1204122?
-1204340
In base 11, what is -3282 - -3?
-327a
In base 7, what is -2465 - -11561?
6063
In base 16, what is -1256 + 8?
-124e
In base 11, what is 1 - -6a2a?
6a30
In base 10, what is -223 + 4007?
3784
In base 12, what is -1 - -28727?
28726
In base 15, what is 17d + -1e5?
-67
In base 10, what is 2074 - 10?
2064
In base 11, what is 4a44 + 19?
4a62
In base 3, what is 1122 + -11100201?
-11022002
In base 11, what is -54897 - -3?
-54894
In base 6, what is -1 + -12052?
-12053
In base 4, what is -332132 - 133?
-332331
In base 5, what is -10 - -4112140?
4112130
In base 13, what is 71b8 + -64?
7154
In base 6, what is -25 + -3013153?
-3013222
In base 7, what is 133456 + 10?
133466
In base 13, what is 0 - c167?
-c167
In base 9, what is -1501476 - 7?
-1501484
In base 7, what is -5503 + 1131?
-4342
In base 12, what is -35 + 13a01?
13988
In base 4, what is 2 + -2200030?
-2200022
In base 8, what is -3 + 72141?
72136
In base 10, what is -322058 - 11?
-322069
In base 6, what is -31 - -1023?
552
In base 16, what is 4 - 50d7?
-50d3
In base 8, what is -3063 - -6?
-3055
In base 4, what is 3001 - 11211?
-2210
In base 3, what is 11 - 112111112?
-112111101
In base 14, what is b42 - 766?
3ba
In base 16, what is -4465 - 10?
-4475
In base 4, what is 1 - 112303010?
-112303003
In base 5, what is -204 + 233332?
233123
In base 9, what is 15757 - -1?
15758
In base 14, what is 168 - 15a?
c
In base 6, what is -13120 - 34?
-13154
In base 15, what is -6 + -4a37?
-4a3d
In base 3, what is 1012 - 11221111?
-11220022
In base 16, what is -4 + 39aba?
39ab6
In base 10, what is 11330 - 49?
11281
In base 12, what is 15b7 - -9?
1604
In base 3, what is -1000222 - 100?
-1001022
In base 15, what is -2a418e + 3?
-2a418b
In base 15, what is 1aec + -29e?
184d
In base 13, what is 14065 + -1b?
14047
In base 14, what is -9dc - cc?
-aca
In base 12, what is 350 + 1aa2?
2232
In base 12, what is 381 + 171a?
1a9b
In base 2, what is -10001 + 1011111101111?
1011111011110
In base 5, what is 21442243 + 1?
21442244
In base 5, what is 23 - -440030?
440103
In base 15, what is 1 - -85842?
85843
In base 11, what is -4 + 383?
37a
In base 11, what is 3132 + 60?
3192
In base 16, what is -4 + -c6f0?
-c6f4
In base 13, what is -1c2 - 453?
-645
In base 12, what is 8 - 2386?
-237a
In base 3, what is -101 - 1012102?
-1012210
In base 5, what is -134 - -303140?
303001
In base 5, what is 134134 + -332?
133302
In base 12, what is 86 + -8875?
-87ab
In base 9, what is -52 - -1635?
1573
In base 12, what is 726 - 1400?
-896
In base 13, what is 5 - -1246?
124b
In base 3, what is 21211 - -1012220?
1111201
In base 15, what is -175b + -d?
-1769
In base 3, what is 10222 - -100011?
111010
In base 11, what is 5 - 112a44?
-112a3a
In base 9, what is -1087 - -112?
-875
In base 12, what is -17202 - 56?
-17258
In base 14, what is -9b4 + 6d?
-945
In base 2, what is -1100000100011 + -110?
-1100000101001
In base 7, what is -42136511 - -4?
-42136504
In base 6, what is 1324 - 4512?
-3144
In base 7, what is -5031 - 1051?
-6112
In base 4, what is -33121131303 - 1?
-33121131310
In base 2, what is -11 + 10010111001001?
10010111000110
In base 6, what is 10244 + -1?
10243
In base 6, what is 2030523 + -1?
2030522
In base 12, what is -3 + -4b16?
-4b19
In base 6, what is -2402 + 1113?
-1245
In base 13, what is 1 - 1137b0?
-1137ac
In base 6, what is -1200225 + 0?
-1200225
In base 4, what is 1202 + -2303320?
-2302112
In base 14, what is c31 + -22?
c0d
In base 13, what is -42a0 + -13?
-42b3
In base 3, what is -111202 + 221021?
102112
In base 15, what is 4 + 33a1?
33a5
In base 12, what is -87ab - 13a?
-8929
In base 14, what is d1400 - 6?
d13d8
In base 11, what is 10 - 9822?
-9812
In base 2, what is -1010011001101 + -1100110?
-1010100110011
In base 5, what is -3 - 122423?
-122431
In base 14, what is 2c7d + -2?
2c7b
In base 13, what is -10b + 534?
426
In base 9, what is -88687 - -17?
-88670
In base 11, what is 0 - 5414?
-5414
In base 3, what is 11 + -1110111200?
-1110111112
In base 12, what is 806102 - -4?
806106
In base 5, what is 12 + 22140403?
22140420
In base 10, what is 2 + 16174?
16176
In base 13, what is 210b3 + 5?
210b8
In base 10, what is 11 - 133674?
-133663
In base 3, what is 0 - 2011020202101?
-2011020202101
In base 9, what is 4 - -1574073?
1574077
In base 4, what is -111202 - -11321?
-33221
In base 8, what is -2003 + 1401?
-402
In base 2, what is -100010011001 - -100?
-100010010101
In base 3, what is -10 + 112212112?
112212102
In base 15, what is 237d - -1?
237e
In base 11, what is -39 + -1809?
-1847
In base 6, what is 315 + -10500?
-10141
In base 11, what is -15975 - a?
-15984
In base 9, what is 0 + 15337?
15337
In base 12, what is 31 - 157b?
-154a
In base 15, what is -5809e - -4?
-5809a
In base 9, what is 33162 + 1?
33163
In base 7, what is 5 - -30146?
30154
In base 12, what is -5 - 431508?
-431511
In base 11, what is -88 + -5?
-92
In base 16, what is -b - -2119?
210e
In base 11, what is -488 - 1a0?
-678
In base 13, what is -1c32 + 8?
-1c27
In base 11, what is 149 - 29?
120
In base 13, what is 174c + 82?
1801
In base 2, what is -10001011111100100 + 10?
-10001011111100010
In base 14, what is -4 + -1450d?
-14513
In base 14, what is -2 + -9a6?
-9a8
In base 16, what is 1f3 + 25c?
44f
In base 3, what is -20210 - -111?
-20022
In base 3, what is 200 + -1020102?
-1012202
In base 8, what is -4 + 2403306?
2403302
In base 3, what is -211 - 212220?
-220201
In base 2, what is 1101010 + -11000011111?
-10110110101
In base 8, what is 2450 - -116?
2566
In base 7, what is 26302 - -1026?
30331
In base 15, what is 720c6d + -1?
720c6c
In base 5, what is -1003 - 142401?
-143404
In base 10, what is -13 - -18214?
18201
In base 16, what is 3 + 674?
677
In base 10, what is -5 - -33776?
33771
In base 5, what is 113230 + -22?
113203
In base 11, what is -3359 - -18?
-3341
In base 4, what is -3103 - -3313?
210
In base 6, what is 20 - -410?
430
In base 10, what is 942 - -103?
1045
In base 10, what is 4 + -128?
-124
In base 13, what is -859 - -b3?
-776
In base 13, what is -8b7 - -33?
-884
In base 8, what is -62 - 14514?
-14576
In base 2, what is -101101111111110 - -11101001?
-101101100010101
In base 14, what is -b - 238?
-245
In base 9, what is -6 - -4687?
4681
In base 8, what is -2032235 - 1?
-2032236
In base 8, what is 13 - 12071?
-12056
In base 11, what is -2 - -5a47a?
5a478
In base 10, what is -30620 - 2?
-30622
In base 10, what is 152 + -459?
-307
In base 3, what is 2000202 - 11?
2000121
In base 4, what is 2000 - -120123?
122123
In base 16, what is 6f532 + -5?
6f52d
In base 9, what is -10125 + 134?
-8881
In base 15, what is -51a + -d?
-528
In base 10, what is -1747599 - 4?
-1747603
In base 4, what is -1033332 - 1023?
-1101021
In base 16, what is e127 + -15?
e112
In base 7, what is -3421 - 126?
-3550
In base 11, what is 20a62 + -4?
20a59
In base 7, what is 545 - -6504?
10352
In base 9, what is -1 - 273476?
-273477
In base 7, what is -13 + 24256?
24243
In base 12, what is 4b1640 - 4?
4b1638
In base 4, what is 1230112 - 1?
1230111
In base 14, what is 3 + 2479?
247c
In base 12, what is 14564 + 6?
1456a
In base 5, what is -2410414 + -104?
-2411023
In base 2, what is -100000101100101 + 10?
-100000101100011
In base 8, what is 5 - 2151252?
-2151245
In base 10, what is 97 - 2034?
-1937
In base 5, what is 13 - 200313?
-200300
In base 2, what is -10101011011 + 101?
-10101010110
In base 12, what is 15b817 - -1?
15b818
In base 10, what is -135227 + -5?
-135232
In base 4, what is 1 - 2102321?
-2102320
In base 2, what is -10111101011001110 + -10011?
-10111101011100001
In base 15, what is -51 - 2a29?
-2a7a
In base 13, what is 5 - -15756?
1575b
In base 14, what is -94 + 64?
-30
In base 3, what is 2110010 - 10101?
2022202
In base 12, what is 1 + -140796?
-140795
In base 7, what is 25 - -300011?
300036
In base 4, what is -20 + 1233301302?
1233301222
In base 15, what is 0 + -6a98?
-6a98
In base 7, what is -2224 + 1566?
-325
In 